e remainder when y is divided by 165?
27
Suppose 12 = 3*s, 10*c - 15*c + 3*s - 1657 = 0. Let t = 368 + c. Calculate the remainder when t is divided by 15.
9
Let s be (2/(-10) - (-5856)/(-120)) + -2. Let z = s + 113. Let c = 39 - 23. Calculate the remainder when z is divided by c.
14
Let v = -1 + 1. Suppose 10*o - 12*o - 180 = v. What is the remainder when (8 + -1)*o/(-105) is divided by 2?
0
Let a(p) = 65*p**2 - 3*p - 11. What is the remainder when a(-2) is divided by 37?
33
Suppose 44*g = 15377 - 4509. What is the remainder when g is divided by (-2)/13 - 8910/(-286)?
30
Let q = -134 + 155. Suppose q*x - 3217 = 1151. Calculate the remainder when x is divided by 21.
19
Let b(k) = 60*k - 19. Suppose -1195*d + 1186*d + 180 = 0. What is the remainder when b(2) is divided by d?
1
Let k(d) = -146*d - 424. What is the remainder when k(-7) is divided by 12?
10
Let s be 4255/10 + (-20)/8. Suppose -3*u - 19 = h - s, -4*u + 1212 = 3*h. What is the remainder when h is divided by 8?
4
Let y = -4 - -6. Suppose -a = -t - 95, -2*a + 355 = y*a + t. Calculate the remainder when a is divided by (46/6 - 1)*(-30 - (-6996)/220).
6
Suppose 5*i - 433 = -4*h, 0*h + 4*h + i = 413. Suppose h = -13*y + 16*y. Let s = -13 + 114. Calculate the remainder when s is divided by y.
33
Suppose 19 = -s - 4*c + 167, -2*s + 12*c = -196. Calculate the remainder when 894 is divided by s.
126
Suppose 0 = -4*x + 8, -h - 2*x + 4 = -3. Let t be h/15*3 + (-732)/(-30). Suppose -t*a + 24*a + 12 = 0. What is the remainder when 58 is divided by a?
10
Let q(d) = -59*d - 1219. What is the remainder when 1312 is divided by q(-21)?
12
Let f be (6/(-14))/((-1)/(-7)) - -7. Suppose -z = 2*d - 9, -8*d + 4*d - 48 = -f*z. Calculate the remainder when 174 is divided by z.
9
Let w = -12 - -21. Let o = w + 19. Let y = -32961 + 32969. What is the remainder when o is divided by y?
4
Let c(b) = b**3 + 4*b**2 + b + 5. Let k be c(-4). Suppose -t - k = -7. What is the remainder when (96 + 3)*(-1)/(-9) is divided by t?
5
Let h = 88 + -17. Suppose 0 = -113*j + 117*j - 3*k - 114, 3*j - 85 = 2*k. Calculate the remainder when h is divided by j.
17
Suppose -6*l + 24*l - 342 = 0. Calculate the remainder when -4*8/12*-78 is divided by l.
18
Let w(r) = -7*r**2 - 25*r - 150. Let l be w(-10). Let b = l - -606. What is the remainder when 16 is divided by b?
4
Let m(s) = 58*s**3 + 2*s - 1. Suppose -79 - 638 = -71*t - 207 + 342. What is the remainder when m(1) is divided by t?
11
Suppose 12 = 3*p, p = z + 2*p + 9. Let s = 52 + z. What is the remainder when s is divided by 21?
18
Let v(z) = z**2 + 23*z + 44. Suppose 60 = -3*x + 69. Let m be 2*(7/(-4))/(x/18). What is the remainder when v(m) is divided by 2?
0
Suppose 4*i + 14*x = 19*x + 64, 4*i - x - 64 = 0. Suppose -i*s = s - 442. What is the remainder when s is divided by 9?
8
Let g = 833 - 794. Let d be (-3)/((-6)/(-8)) + 5. Calculate the remainder when g is divided by (d/(-3))/((-1)/24).
7
Suppose 3*t + 5*t - 56 = 0. Suppose 8*j - j = 532. Suppose s = -3*x + 3*s + j, -3*s + 133 = 5*x. Calculate the remainder when x is divided by t.
5
Suppose 24369*n + 2033 = 24394*n - 4467. Calculate the remainder when 722 is divided by n.
202
Let s = -1324 - -1899. What is the remainder when s is divided by 36?
35
Suppose -9*k = l - 645, -797*k - 2395 = -4*l - 796*k. What is the remainder when l is divided by 191?
27
Let s = 6847 + -6405. Calculate the remainder when s is divided by 31.
8
Suppose 3516 = 3*y + 5*f + 1049, y = -5*f + 839. Calculate the remainder when y is divided by 12.
10
Let j(y) = -y**3 - 17*y**2 + 139*y + 75. What is the remainder when 40/30*1*75 is divided by j(-23)?
48
Suppose 4*p + 12 = 4*m, 4*m + 5*p - 26 = -5. Suppose -m*j - 3*w + 22 = 0, -2*w - 10 = -5*j + 3*w. Calculate the remainder when 83 is divided by j + -4*(-19)/2.
41
Let o(t) = -t**2 + t + 34. Calculate the remainder when (-33 + (-18)/6)*200/(-75) is divided by o(0).
28
Suppose -1597 + 609 = -4*c + 2*t, 2*c + t - 498 = 0. Calculate the remainder when 85 is divided by ((-3)/((-60)/c))/((-4)/(-10)).
23
Let a be (-4)/(-5) + (-87)/15. Let q be (8/100*-5)/(1/a). Let s(m) = 19*m**2 + 2*m + 2. Calculate the remainder when s(q) is divided by 28.
26
Suppose -f - 4*f = -20. Let o be (-4)/((-5 + 4)*1). Suppose 5*q - 15 = 0, 0 = -4*i + o*q + 1 + 43. What is the remainder when i is divided by f?
2
Suppose -2*u + 12 = -5*u. Let a(r) = 12*r**2 - 2*r + 4. Let q be a(u). Suppose 6*b = 9*b - q. Calculate the remainder when b is divided by 23.
22
Suppose -215*g - 272 = -219*g. Let b = 197 + 207. Calculate the remainder when b is divided by g.
64
Let c(l) = 152*l - 4. Let k be c(1). Let h = k + -116. Suppose -4*w + 28 + h = 0. What is the remainder when 59 is divided by w?
14
Suppose -2*w = 2*n - 26, 15*n - 10*n = -3*w + 35. Suppose -4*g - 8 + 24 = 0. What is the remainder when w is divided by g?
3
Let v(q) = -14*q + 67. Let b be v(3). What is the remainder when 58 is divided by 26/(b/10 + -2)?
6
Let f = 7881 + -7859. What is the remainder when 16255 is divided by f?
19
Suppose 28*b + f - 2110 = 24*b, 533 = b + 3*f. Calculate the remainder when b is divided by 28.
23
Suppose 0 = -40*u + 149*u - 216474. Calculate the remainder when u is divided by 142.
140
Suppose 0 = w + 3*a + 26, 4*w - 2*a - 2*a + 72 = 0. Let b(q) = q**3 + 20*q**2 - 11*q + 56. What is the remainder when b(w) is divided by 28?
24
Let n(w) = -75*w - 3. Let c(i) = 6*i**2 - 176*i - 2249. What is the remainder when n(-2) is divided by c(39)?
4
What is the remainder when 5237 is divided by ((-516)/(-66) + -6)/((-10)/(-55))?
7
Let h = 9721 + -9700. Suppose -5*a + 380 = 5*v, a = 5*v - 2*v - 244. Calculate the remainder when v is divided by h.
17
Let p(v) = -190*v - 1. Suppose -2*k = 3*x + 38 - 188, 0 = -3*x + 3*k + 150. Calculate the remainder when p(-1) is divided by x.
39
Let m = 114 - 111. Suppose 0 = m*w + 3*f - 681, 0*w - 2*f + 684 = 3*w. What is the remainder when w is divided by 29?
27
Suppose 0 = 3*s - 4*k - 32, -3*s - k + 1 = -6. Suppose -3*z - 996 = -4*x, -x = -s*x - 4*z + 747. Calculate the remainder when x is divided by 36.
33
Let h(y) = 87*y**3 - 2*y**2 + 1. Suppose -740 = -32*b - 2*a, -3*b + 23 = -5*a - 36. Calculate the remainder when h(1) is divided by b.
17
Let k be (-13)/(-5) + (-24)/40 + 1. Suppose -3*l - k = h + 6, 5*h + 5 = -5*l. What is the remainder when h/(-12) + (1047/(-12))/(-1) is divided by 23?
18
Let o = -1031 + 587. Let d = o - -501. Calculate the remainder when 226 is divided by d.
55
Let f(n) = -761*n - 680. What is the remainder when f(-4) is divided by 37?
33
Suppose -133*k = 2*k + 399*k - 560166. What is the remainder when k is divided by 518?
13
Calculate the remainder when 774 is divided by ((-78)/15)/((-5)/50).
46
Let v be 3/(-6)*-14 + (-5 - -2). Let d(l) = l**3 + 6*l**2 - 6. Let k(f) = f**3 - 17*f**2 + 19*f - 17. Calculate the remainder when d(v) is divided by k(16).
30
Let j be (-2 - -2)*(-2)/4. Suppose 4*u - 2*u - 8 = j. Suppose u*q - 48 = 40. What is the remainder when q is divided by 10?
2
Suppose -34*a = 3*h - 573, -142*a = -138*a - h - 85. Suppose 0 = -5*o - 20, -2*r + 0*o + 74 = o. Calculate the remainder when r is divided by a.
3
Suppose 301 + 491 = -4*g. Let j = -135 - g. Suppose 22 + j = 5*s. What is the remainder when s is divided by 12?
5
Suppose -997 - 1023 + 460 = -3*u. What is the remainder when u is divided by 13?
0
Suppose 4*p - 738 = -3858. What is the remainder when 128 is divided by (1/3)/((-20)/p)?
11
Let y = -187 - -185. Calculate the remainder when 48*3/2 + (y - -8) is divided by 40.
38
Let m(l) = -144*l + 1412. What is the remainder when 307 is divided by m(9)?
75
Let g(v) = -v**3 - 6*v**2 + 4*v - 13. Let j be g(-7). Calculate the remainder when j/18 + (20080/90)/2 is divided by 38.
36
Let y(u) = 9*u**2 - 30*u - 20. Let w be y(-8). Suppose 5*x + 3*r = -258 + w, -224 = -2*x + r. What is the remainder when x is divided by 14?
12
Let b = 1221 - 1038. What is the remainder when b is divided by 24?
15
Let o = 572 - 547. What is the remainder when 31 is divided by o?
6
Suppose 5632*u - 5645*u = -1716. What is the remainder when u is divided by 46?
40
Let p(l) = -14*l + 50 - 28 + 32*l**2 + l. What is the remainder when p(2) is divided by 18?
16
Suppose 8*k + 11736 = 12336. Suppose 3*l - 32 = -11. What is t